of u.
7, 61
What are the prime factors of (12 + -11)*4421*7?
7, 4421
Let c(b) = -b**2 + 138*b + 99. List the prime factors of c(33).
2, 3, 11
Let u(x) = x**3 - 51*x + 10. Let b be u(-16). List the prime factors of (b/(-90))/((-1)/(-3)).
109
Let y(w) = w**3 - 16*w**2 - 36*w + 62. Let f be y(18). Suppose 0 = f*z - 15*z - 13912. What are the prime factors of z?
2, 37
Suppose -2258 + 306 = -6*z + 6586. List the prime factors of z.
1423
Let f(r) = -r + 5 + 3 - 3 - 4. Let a be f(-8). Let w(n) = 18*n - 48. List the prime factors of w(a).
2, 3, 19
Suppose m - 3 = h, 0 = -h - 2*m + 13 - 1. Suppose 8 = 5*i - h. Suppose i*x + 4*s - 82 = -0*x, -x + 41 = 4*s. What are the prime factors of x?
41
Suppose -3*y = 24 - 9. Let g(o) = -2*o**3 - 12*o**2 - 7*o + 11. Let k be g(y). List the prime factors of k/8 - ((-59)/2 + 2).
3
Let n = -43 - -42. Let t be (-2)/(-1 + 2/4 - n). What are the prime factors of 6/t - (-201)/6?
2
Let k = -14 - -141. Suppose 5*i - 3*y = k, -4*i + 3*y + 95 = -6. List the prime factors of i.
2, 13
Suppose 0 = -16416*g + 16410*g + 92172. What are the prime factors of g?
2, 7681
Let b = 12803 + 3987. What are the prime factors of b?
2, 5, 23, 73
Let r(p) = -4*p - 13. Let k be r(-3). List the prime factors of 1702 + 2/k - -6.
2, 853
Let i be 2*(-6)/12*10. Let c(r) = -r**3 - 4*r**2 - 5*r - 11. What are the prime factors of c(i)?
3, 71
Let q(n) = n**2 + 3*n - 1. Let s be q(-2). List the prime factors of 354 + (-4 - s) + -5.
2, 3, 29
Let a(d) = -d**3 + 5*d**2 + 21*d + 1. Let y be a(8). Let b = y + 23. Suppose 11*w - 9*w - 426 = b. What are the prime factors of w?
3, 71
What are the prime factors of (-12)/16*(-298640)/30?
2, 3733
Let x = -1331 - -5293. What are the prime factors of x?
2, 7, 283
List the prime factors of 85770/(-2 + 12) + 8.
5, 17, 101
Suppose -6*y + 3640 = -1328. Let h = y + -285. List the prime factors of h.
3, 181
Let t(y) = y**2 + 61*y - 48. Let p be t(24). Suppose 18*g - 14*g = p. What are the prime factors of g?
2, 3, 83
Let o(p) = 9*p**2 + 10*p - 3. Let d be o(-5). Suppose -3*a + d = -2*y, a - 6*y + 2*y = 44. List the prime factors of 52/a + -1 - 632/(-15).
2, 3, 7
Suppose 4*w + 479225 - 1958285 = -51*w. List the prime factors of w.
2, 3, 83
Suppose 23*r = 33*r - 20. Suppose b - 808 - 2743 = -5*a, -1421 = -r*a - b. List the prime factors of a.
2, 5, 71
Let s = -8 - -10. Suppose -b = -s, -4*i = 2*b - 34 - 18. Let y = i + 3. What are the prime factors of y?
3, 5
Suppose -14*s + 19*s = 15, -24 = -5*z + 2*s. Suppose -p + f = z*f - 365, f = 5*p - 1799. What are the prime factors of p?
2, 3, 5
Let t(g) = -11*g**3 - 2*g**2 + 3*g + 19. Let y be t(-3). What are the prime factors of y*5*8/40?
17
Suppose 926281 - 4784476 = -89*r - 221210. List the prime factors of r.
5, 11, 743
Let b be 27/9*(-454)/3. Let u = b - -558. List the prime factors of u.
2, 13
Let y(a) = 3*a**2 + 8*a + 2. Let i be y(-7). Suppose 19*q - 16*q - i = 0. What are the prime factors of q?
31
Let q(y) = 7*y + 6. Let s be q(-1). What are the prime factors of (-8 - -190) + (s - -1)?
2, 7, 13
Let c(p) = -18*p - 45. Let h be c(-8). Let t = h - 99. Suppose t = 11*k - 997 - 2006. List the prime factors of k.
3, 7, 13
Suppose -3*y + 4332 = 2*f, -y + 562 = -5*f - 865. What are the prime factors of y?
2, 7, 103
Suppose 5*j - j - 20 = -4*a, -5*a + 16 = 2*j. Let p(u) = 20 + j*u**2 - u**3 - 10*u**2 + 6*u**2 + u + 0*u. List the prime factors of p(0).
2, 5
Let s(k) = 2*k**2 - 1. Let m be s(-1). Let t be 2 + m/(-1) - (20 + -19). Let a = 33 - t. List the prime factors of a.
3, 11
Suppose -2*i - 4954 + 682 = -3*c, -5*c - 5*i + 7095 = 0. What are the prime factors of c?
2, 3, 79
List the prime factors of (2140824/378)/(4/18).
2, 12743
Let q(m) = 52*m + 1. Let a be q(5). Suppose r = 321 + a. Let p = 826 - r. List the prime factors of p.
2, 61
Let o = -649 - -687. List the prime factors of -41 + o - -281*1.
2, 139
Let d be 9*(-1)/(-3) - -6. Suppose 0 = b + d - 118. Let n = b + -73. What are the prime factors of n?
2, 3
Let k(o) = 5*o. Let u be k(1). Suppose -4*p - 2*h + 906 = -1148, 2566 = u*p + 4*h. Suppose p = 3*f - 2*j, 2*f - 101 - 230 = -j. What are the prime factors of f?
2, 3, 7
Let y = -104016 - -148834. List the prime factors of y.
2, 22409
Suppose 0 = 53*l - 50*l. Suppose 3*k + 124 = -5*r + 975, -5*r + 4*k + 872 = l. What are the prime factors of r?
2, 43
Let i(t) = -17*t - 4*t + 10 + 0*t. Let a(d) = -d**3 - 42*d**2 - 80*d - 4. Let h be a(-40). List the prime factors of i(h).
2, 47
Suppose 0 = s + 4*n, 2*s = -0*s + 3*n. Suppose s = -0*w + 4*w. Suppose 5*j - 213 = -3*q, -206 = -5*j + 4*q - w*q. List the prime factors of j.
2, 3, 7
List the prime factors of 19 - (-31)/((-31)/(-37506)).
5, 19, 79
Let f be (-20)/120 - 26/(-12). Suppose 4*o - f*o = -12. Let i(d) = -d**3 - 5*d**2 - 6*d - 21. List the prime factors of i(o).
3, 17
Let t = 114 - -25. Let u = 144 + t. List the prime factors of u.
283
Suppose -3*x + 16 = -32. Let m be (x/(-24))/(3/(-621)). Suppose -50 = -4*v + m. What are the prime factors of v?
47
Let m(f) be the second derivative of -f**5/20 + f**3/6 - 3*f**2/2 + 6*f + 3. Let g be (3/1 - 6) + 0. List the prime factors of m(g).
3, 7
Let b be 2/(0 + 8/564). Suppose 0 = 5*y + 4*g + 96 + 97, -5*y + 5*g - 220 = 0. Let v = y + b. What are the prime factors of v?
2, 5
Let j(u) = -11*u**2 + 4*u - 14. Let p be j(-6). Let s = p - -862. What are the prime factors of s?
2, 107
Let z(x) = -87*x**2 - 17*x + 140. Let g be z(6). Let p = g - -4417. List the prime factors of p.
3, 7
Suppose -156*g - 190*g + 1100232 = -110*g. What are the prime factors of g?
2, 3, 7, 37
Suppose w - 529 = -19. List the prime factors of (w/(-12))/(3/(-42)).
5, 7, 17
Suppose -350 = -4*t + 426. Suppose -1728 = -5*n + 2*x, -n + 5*x = -147 - t. What are the prime factors of n?
2, 173
Let v be (6/4)/(10/(-180)*-9). Let c(n) = 39*n**2 - 3*n + 4. List the prime factors of c(v).
2, 173
Suppose 5*a = 3*k + 34084, 12 = 96*k - 100*k. List the prime factors of a.
5, 29, 47
Suppose 0 = 2*w - 5*p + 1, w - 5 = -3*p - 0*p. Suppose o + 10 = 4*a, o + a + w*a - 11 = 0. Suppose o*u = -q + 154, 2*u - 13 = -3. List the prime factors of q.
2, 3
Let m = -53 + 104. Suppose -m = -5*i + 59. Suppose 24*s = i*s + 216. What are the prime factors of s?
2, 3
Let g(o) = -55*o + 54*o + 109*o + 4. Let n be g(1). Suppose 0 = -f + 3*f + 3*t - 113, -n = -2*f - 4*t. List the prime factors of f.
2, 29
Let a = 160 - 163. Let f(b) be the first derivative of -17*b**2 - 5*b - 1. List the prime factors of f(a).
97
Suppose 19*z - 23*z + 56 = 0. Suppose 0 = -u + 2*t + z, u + 5*t + 10 + 4 = 0. Suppose 91 = u*k - 353. What are the prime factors of k?
2, 37
Let i be -5 + 0 - ((2 - 10) + 7). Let s(l) = 3*l**2 - 7*l - 1. What are the prime factors of s(i)?
3, 5
Let k = 29 + -6. Suppose k*b + 153 = 22*b. Let i = 233 + b. List the prime factors of i.
2, 5
Let q(v) = v**2 + 17*v + 2. Let u be q(-17). Suppose -a + u*a = 2*p - 24, 5*a = -2*p. Suppose 3*j - p = j. List the prime factors of j.
5
Suppose -58 = -3*q - 52, 9*g - 13920 = -3*q. List the prime factors of g.
2, 773
Let q(s) = -s**3 + 2*s**2 - s + 4390. What are the prime factors of q(0)?
2, 5, 439
Let c = -353 - -386. Suppose 19040 = -5*j + c*j. List the prime factors of j.
2, 5, 17
Let r(h) = 2132*h - 4161. What are the prime factors of r(12)?
3, 37, 193
Suppose 7*v - 2*v - 25 = o, 2*o = -2*v + 10. Suppose -3*j + 2*h + 2147 = 7*h, -20 = -v*h. What are the prime factors of j?
709
Suppose 0 = 5*y, -y - 139 - 116 = -3*c. Let u = -68 + c. Let t(d) = 9*d - 15. What are the prime factors of t(u)?
2, 3, 23
Let t = -84 - -89. Suppose 3*z - 2*y + 11 = 0, y + y = -3*z + t. What are the prime factors of -3 + -12*12*z?
3, 47
Let q be (2 - 512/(-24))*12/10. Suppose q*l - 16624 + 3296 = 0. List the prime factors of l.
2, 7, 17
Let q(k) be the third derivative of 17*k**4/12 - 13*k**3/3 - 140*k**2. What are the prime factors of q(9)?
2, 5, 7
Let a = -60635 - -105536. List the prime factors of a.
3, 1663
Suppose 35 = 4*y + 63. Let j(q) be the third derivative of q**6/120 + 2*q**5/15 + 5*q**4/24 + 3*q**3 - 21*q**2. List the prime factors of j(y).
2
Let p(b) = -4*b - 13. Let o be p(19). Let c = -11 - o. List the prime factors of c.
2, 3, 13
Suppose -4*s - 7 = r - 5, -3*r - 6 = -2*s. Let h(o) = -o**3 - 65. Let p be h(s